mainder when t(j) is divided by (-51)/(-7) - (-2)/(-7)?
5
Suppose 3*q - 4 = 17. Suppose -2*m + 14 = 4*h, 0*h + q = -4*h + 5*m. Calculate the remainder when 7 is divided by h.
1
Suppose 5*z + 0*q - 5*q - 5 = 0, -z + 17 = 3*q. Let d = z + -1. Calculate the remainder when d is divided by 3.
1
Let h = 22 - 4. What is the remainder when 3 - (3 + -1)*-16 is divided by 320/h - 2/(-9)?
17
Suppose 7*g = 31 + 95. Calculate the remainder when 160 is divided by g.
16
Suppose 4*j - 11 - 1 = 0. Calculate the remainder when 4 is divided by j.
1
Let u(b) = 4*b**2 + 2*b - 7. Calculate the remainder when u(-5) is divided by 17.
15
Suppose 0 = o - 3*o - 4. What is the remainder when -1 - o - 4 - -46 is divided by 11?
10
Suppose 5*r + 4*c + 0*c = 29, -r + 21 = -3*c. Suppose 305 = -5*u - 6*o + 3*o, 0 = -u + o - 69. Let y = 89 + u. Calculate the remainder when y is divided by r.
7
Let h(z) = -z**3 - 4*z**2 - 3*z + 5. Let k = -12 + 8. Calculate the remainder when 66 is divided by h(k).
15
Let i(w) be the second derivative of w**5/20 + w**4/2 + 5*w**2/2 - w. Calculate the remainder when 1 - (-1)/((-1)/(-13)) is divided by i(-6).
4
Let d be (12/15)/((-6)/(-15)). Suppose -d*q - q = 4*o - 125, -40 = -o + q. What is the remainder when o is divided by 58/5 - (-6)/15?
11
Suppose 13*s - 36 = 9*s. Calculate the remainder when 70 is divided by s.
7
Let z = -5 + 14. Let j(b) = b**2 + b + 26. What is the remainder when j(0) is divided by z?
8
Suppose 0 = 5*b - 0*b + 5. Let h be (30/(-4))/(b/(-2)). Calculate the remainder when 10 is divided by (-18)/h*(-2 - -7).
4
Let q = 32 - 21. Let c = 47 + -29. Calculate the remainder when c is divided by q.
7
Let v(b) be the third derivative of b**5/30 - b**4/8 + b**3/2 + 4*b**2. What is the remainder when 14 is divided by v(2)?
4
Let d be -24 + 2/(0 - 2). Suppose 0 = 4*k + 3*m - 6*m + 15, 0 = k + 5*m - 25. Calculate the remainder when d/(1 - (k - -2)) is divided by 9.
7
Suppose -11 = -2*q + 9. Calculate the remainder when 28 is divided by q.
8
Let h be (-2)/(-8) + (-295)/(-4). Let m = h - 29. Calculate the remainder when m is divided by 12.
9
Let t be (-1)/(-3) + (-5)/(-3). Suppose t*z - 4*p - 22 = 0, 4*z - 36 = p + 3*p. Calculate the remainder when 20 is divided by z.
6
Suppose 6*y = -5*q + y, -2*y = 5*q - 12. Suppose 20 = q*o, 6*x - 35 = x - 5*o. Let p = 107 - 104. Calculate the remainder when p is divided by x.
1
Let h(s) = -s + 31. Suppose q + 2*a - 5 = 15, 0 = -5*q + 4*a + 128. What is the remainder when h(-15) is divided by q?
22
Let f = 11 + -8. Suppose l = -p - 10, -l = 4*l + f*p + 46. Calculate the remainder when l/((-3)/(-4) + -1) is divided by 17.
15
Let o = 0 + -1. Let l be o/(1 - 0) + 3. What is the remainder when 6/9*39 - l is divided by 13?
11
Let t(y) = -y**2 + 9*y - 8. Let j be t(7). Suppose -2*m - 46 = -3*r + 3*m, 0 = -r + 4*m + j. Calculate the remainder when r is divided by 8.
6
Suppose 0 = -b + 3*m - 31, -2*m = -2*b + 2*m - 54. Let w = -6 - b. Let v = 40 - 15. Calculate the remainder when v is divided by w.
12
Suppose -g + 2*y + 29 = 0, -5*y = -2*y - 9. What is the remainder when g is divided by 19?
16
Suppose -3*p = 5*i - 3*i - 48, 4 = -2*p. Calculate the remainder when 104 is divided by i.
23
Let k(w) = -61*w**3 - 2*w**2 + 1. Let f be k(1). Let a(q) = 17*q + 1. Let t be a(7). Let h = f + t. Calculate the remainder when h is divided by 20.
18
What is the remainder when 96 is divided by -1 + (17 - -1) + 10 + -13?
12
Suppose -d = 2*d - 12. Suppose -d*g + 155 = -137. Let w = -48 + g. Calculate the remainder when w is divided by 9.
7
Let d(c) = -c**2 + 7*c - 2. Let x be d(6). Suppose -x*j + 5*j = 16. Calculate the remainder when 47 is divided by j.
15
Let l = 52 + -25. What is the remainder when l is divided by 14/(-2)*(-3)/3?
6
Suppose 3*s - 24 + 152 = n, 4*s + 129 = n. What is the remainder when n is divided by 21?
20
Suppose 0 = 2*t + b - 12, 3*t + t - 30 = -5*b. Suppose -t*h + 9 = -11. Let k(j) = j**2 + j + 1. What is the remainder when k(-4) is divided by h?
1
Suppose -1 + 4 = -3*u, -3*p = -2*u - 44. Calculate the remainder when p is divided by 4.
2
Suppose 4*d - 47 = -5*i - 1, d - 10 = -i. Let t be (i*(-2)/(-4))/(-1). Calculate the remainder when -3*t/9*17 is divided by 9.
8
Let j = -119 - -135. Calculate the remainder when 205 is divided by j.
13
Suppose 5*k = 2*c - 26, k = 2*c + 3*k - 12. Calculate the remainder when 6/6 + 1*22 is divided by c.
7
Suppose 208 = 4*m + 12. Suppose 5*t - 3*p = -57, t = 6*t - p + m. Let f = t + 14. Calculate the remainder when 8 is divided by f.
3
Let t = 41 - 19. Suppose 2*x = 6 + t. Calculate the remainder when 26 is divided by x.
12
Let v = 30 - 28. Let u be ((-2)/4)/(1/(-70)). Suppose -v*x = -x - u. What is the remainder when x is divided by 12?
11
Let d(v) = -2*v + 24. Calculate the remainder when d(-12) is divided by 17.
14
Let t(m) = 3*m + 1. Let q(v) = v**2 - 6*v + 6. Let s be q(5). Let b(a) = 28*a**3 + a**2 - a + 1. What is the remainder when b(s) is divided by t(3)?
9
Let i = 54 + -29. Let t(l) = 7*l - 19. Let r(v) = 2*v - 5. Let o(d) = 9*r(d) - 2*t(d). Calculate the remainder when i is divided by o(5).
12
What is the remainder when 83 is divided by 20/12*9 + 6/(-2)?
11
Suppose -u = 2*u. Suppose 3*j - 51 = -2*w, -2*w + u*j = -2*j - 46. Suppose 4*r + 8 - w = 0. Calculate the remainder when 7 is divided by r.
3
Let l = -2 - -6. Suppose -2*u = l*a - 204, 10 = 2*a + 2. Let n = -54 + u. Calculate the remainder when n is divided by 14.
12
Suppose 4*k + 6*j = j - 57, -78 = 5*k + 4*j. What is the remainder when (-6)/k - (-436)/6 is divided by 19?
16
Let f(c) = 4*c**2. Let y be f(1). Suppose 0 = y*d - 9*d + 110. Calculate the remainder when d is divided by 12.
10
Let p = 54 + -29. Calculate the remainder when 71 is divided by p.
21
Let z = 78 - 53. Let x = 2 + 7. What is the remainder when z is divided by x?
7
Let c = -18 - -12. Let s(y) = y**2 + 2*y + 9. Calculate the remainder when s(c) is divided by 17.
16
Let m(o) = 3*o**2 + 2*o + 5. Let b be m(3). Let h = 76 - b. Calculate the remainder when h is divided by 20.
18
Let r = 1 + -6. Let a(p) = p**3 + 4*p**2 + 3*p. Let j be a(r). What is the remainder when 14 is divided by 23/5 + (-16)/j?
4
Suppose 5*j - 180 = 4*c, 2*c = -c + 5*j - 140. What is the remainder when 10 is divided by (-16)/c + (-28)/(-5)?
4
Suppose 2*y + 4 = 0, -3*m - y + 49 = 3*y. Suppose 1 = 2*j - 13. What is the remainder when m is divided by j?
5
Let s(j) = -7*j - 34. Let d be 1*(0 - -1) - -1. Suppose -d*z - o = 2*o - 13, z = 4*o + 12. What is the remainder when s(-8) is divided by z?
6
Let x = 0 - -1. Suppose -x = -h + 12. Calculate the remainder when h is divided by 7.
6
Suppose 15*r - 12*r = 18. What is the remainder when r is divided by 2?
0
Suppose 2*d - 3*z = 2*z + 94, -d = -2*z - 46. Suppose -3*g + 3*w + 66 = 0, -g - 5*w = 2*g - d. What is the remainder when g is divided by 10?
9
Let w(o) = -6*o**3 + 2*o**2 + 2*o - 2. Calculate the remainder when w(-2) is divided by 17.
16
Let j(f) = -2*f**3 - 20*f**2 - 2*f + 14. What is the remainder when j(-10) is divided by 7?
6
Let n = -439 - -664. Calculate the remainder when n is divided by 38.
35
Let p be 120/28 - 4/14. Suppose v - 2*v - 4*h - 7 = 0, 0 = 2*v + p*h - 6. Suppose -3*j + 0*j + 21 = 0. Calculate the remainder when v is divided by j.
6
Suppose 4*p + 3*i = 81, 5*p - 3*i - 25 = 83. What is the remainder when 77 is divided by p?
14
What is the remainder when ((-3)/2)/3*-48 is divided by 3?
0
Suppose 5*u = 3*l + 6, 2*u - 14 = -5*l + 7. Let o(y) = -2*y**2 + 3*y + 1. Let r be o(-2). Let c = u - r. What is the remainder when 46 is divided by c?
14
Let b(w) = 3*w - 9. Let f be b(4). Let x(t) = 3*t + 1. Calculate the remainder when 17 is divided by x(f).
7
Suppose -51 = -b - 3*i, -3*i = -b + 2 + 37. Suppose 8*f - 3*f = b. What is the remainder when ((-48)/10)/(f/(-60)) is divided by 17?
15
Let l = -75 + 109. Calculate the remainder when 65 is divided by l.
31
Suppose -n - 5 = -20. What is the remainder when 57 is divided by n?
12
Let u be (-4)/(-5)*(14 - 4). Let o = u - -11. Let t = 5 + 2. Calculate the remainder when o is divided by t.
5
Let l(j) = 11*j - 1. Let f be (2/4)/((-1)/(-2)). Calculate the remainder when l(f) is divided by 6.
4
Let j(o) = o**2 + 2*o - 2. Suppose -6 = -0*g - 3*g. What is the remainder w